 + 13*p**2. Determine a(-6).
6
Let n(q) = q**3 - 7*q**2 + 5*q + 3. Suppose 0*l - l + 6 = -i, 2*i = -4*l + 24. Give n(l).
-3
Let j(i) = 3*i - 11*i - 3 + 7*i - 2. Let m(k) = k**3 - 3*k**2 - 6*k + 3. Let o be m(4). What is j(o)?
0
Let c(p) = 3*p. Let y(g) = -4*g. Let o(j) = 6*c(j) + 5*y(j). Determine o(5).
-10
Let f(r) = 2 - r + 5*r**2 - 2*r**2 - r - 2*r**3. Calculate f(2).
-6
Let z(r) = -r. Let v = -25 - -30. Determine z(v).
-5
Let o(u) = u**2 - 9*u - 3. Let z be o(9). Let y(b) = -8*b**2 + 6*b - 5. Let g(f) = 3*f**2 - 2*f + 2. Let h(t) = -11*g(t) - 4*y(t). What is h(z)?
-5
Let i(j) = j**3 + 6*j**2 + 2*j + 0*j - 4*j**2 + 0*j**3. Determine i(-2).
-4
Let k(l) = -l**2. Let o(w) = -w**3 - w**2 - 1. Let d(h) = -k(h) + o(h). Let x(s) be the first derivative of d(s). Let y = -3 + 4. Determine x(y).
-3
Suppose 12 = -8*l + 12*l. Let h(m) = m - 3. Let r(p) = 2. Let g(y) = l*h(y) + 2*r(y). What is g(4)?
7
Let w(y) be the first derivative of -y**5/30 + y**4/12 + y**3/3 - 3. Let r(b) be the third derivative of w(b). Let k = -7 - -5. Give r(k).
10
Let l = 22 - 16. Let y(z) = z**2 - 7*z + 3. Determine y(l).
-3
Let n(k) = k**3 - 2*k**2 + 2*k. Let t be n(2). Suppose 5*g - 15 = -i, 3*i - 2 = -4*g + 10. Let j(a) = a**2 + i*a - 2*a**2 + 2*a - 2. Determine j(t).
-10
Let d(a) = -a**3 + 6*a**2 - 5*a + 1. Let k = -5 + -1. Let b be (-458)/(-14) + k/(-21). Suppose -2*r + 4*i + 30 = 0, -r + b = -3*i + 13. Give d(r).
1
Let x(m) = -m - 1. Let n(v) = -v**2 + 8*v - 1. Let g(u) = -n(u) - 6*x(u). Let y(a) be the first derivative of g(a). Give y(3).
4
Let s be -4 + 4 - -4 - 11. Let k(h) = -h**3 - 7*h**2 + 4*h + 10. Calculate k(s).
-18
Suppose -42 = -3*r - 27. Let p(b) be the third derivative of 0*b + 0 + 5/6*b**3 + 3*b**2 + 1/60*b**r + 1/8*b**4. Determine p(-4).
9
Let u = -3 - -2. Let v(c) = -1 - 2*c - 2*c**2 + c + 1. Determine v(u).
-1
Let u(h) = h - 1. Let n = 3 - 0. Suppose -2*b = -n*b - 1. Determine u(b).
-2
Let z(a) = -a**3 + 5*a**2 + 7*a - 6. Let k = 46 - 40. What is z(k)?
0
Let n(i) = -i - 9. Let r be 2/(-2) + (6 - (-6 - -4)). What is n(r)?
-16
Let l(d) = 4*d**3 - d**2 - 4*d + 7. Let j(b) = -5*b**3 + b**2 + 5*b - 7. Let i(w) = -5*j(w) - 6*l(w). Let u(p) = p - 1. Let v be u(1). Give i(v).
-7
Let n(b) = 8 + 2*b**2 - b**2 - 7 + 5*b. Suppose -7 - 8 = 3*k. Calculate n(k).
1
Let y = 7 + -5. Suppose y = -i + 3. Let l(b) = -i - b**2 - 4 - 4*b + 2*b**2. Give l(5).
0
Let z(k) = k**3 + 1. Let a(s) be the third derivative of -s**4/4 - s**3/3 - 3*s**2. Let n be a(2). Let x be ((-2)/2)/(7/n). Determine z(x).
9
Let h(o) = 3 - 1 + 0 - 7*o + 6*o. Determine h(6).
-4
Let q(n) = n - 4. Let a = 54 + -37. Suppose 5*r - a = 3. Suppose 3 = r*c - 9. Give q(c).
-1
Let x(i) be the second derivative of 1/6*i**3 + i + 0 + 3/2*i**2. Let u(f) = -f - 6. Let s(g) = -3*u(g) - 5*x(g). What is s(2)?
-1
Let b(t) = -1 + 4 + 6*t - 3*t + t**3 - 5*t**2. Determine b(4).
-1
Let d(i) = i**3 - i**2 - 2*i - 1. Let b(h) = 2*h**2 + 10*h + 2. Let t be b(-5). Determine d(t).
-1
Let w(v) = 9*v**3 - v**2 - 9*v + 12. Let m(k) = -2*k**3 - k**2 + k - 1. Let p(i) = -5*m(i) - w(i). Calculate p(-5).
-2
Let a(h) = h**2 + 8*h - 7. Let v(u) = -u**3 - 6*u**2 - 3*u + 2. Let m be v(-5). Calculate a(m).
-7
Let h be -2 - -2 - 0 - 2. Let g(q) = q**3 + 3*q**2 - q - 1. Let r be g(h). Let l(y) = -2*y + 6. Calculate l(r).
-4
Let i(j) be the third derivative of -j**4/24 - j**3/2 - j**2. Determine i(6).
-9
Let a(w) = -2*w**2 + 2*w + 3. Let n be 2 - (-1 - -2 - 1). Let r be (6/18)/(n/18). What is a(r)?
-9
Let v be 4/6 - (-8)/(-12). Let j(o) = 7*o - 4. Let h(b) = -11*b + 6. Let g(u) = -5*h(u) - 8*j(u). Calculate g(v).
2
Let l(y) = -2*y**3 + y. Suppose 2*g = -q - 7, 4*g + 2*q = -q - 19. What is l(g)?
1
Let o(m) be the third derivative of 5*m**4/24 - 8*m**2. What is o(2)?
10
Let u(a) = -a**2 + 6*a - 6. Let l be u(6). Let k(g) = -1 - 4 + 0 - g. Determine k(l).
1
Suppose -5*f = -10 - 0. Suppose -3*r - r = 5*j - f, r = 3. Let h(w) = -3*w**3 - 3*w**2. Determine h(j).
12
Let o be ((-1)/3)/(5/(-45)). Let c(v) = -v**3 + 2*v**2 + 4*v + 1. Determine c(o).
4
Let s(u) = 2*u - 2. Let m be 2 + -3 - (-3 + 6). Let g(l) = l**3 + 5*l**2 + 5*l + 5. Let v be g(m). Let z(b) = 1. Let n(p) = v*s(p) + 5*z(p). Determine n(-2).
-1
Let d(m) = -m. Let y be 2/4*4 - -1. Let x be 10/((1 - 2) + 2). Suppose -x = g - 5*a + 19, y*g + 7 = -a. Give d(g).
4
Let z(v) = v**3 - v + 1. Let l(b) = 4*b**3 + 3*b**2 - b + 7. Let k(g) = -l(g) + 3*z(g). Let t be k(-3). Let i(w) = -w**2 + 4*w. Calculate i(t).
4
Let w(s) = s - 4. Let t(p) = p**2 + 4*p + 3. Let j be t(-1). Determine w(j).
-4
Let o(f) be the second derivative of 5*f**3/6 + f**2/2 + 4*f. What is o(-1)?
-4
Let b(r) = 0 + 12 - 4 + r. Let m be (4/3)/(0 - 4/12). What is b(m)?
4
Let q(s) = -4*s + 4. Suppose 4*p - 8 = 4*t, 4*t - 4*p + 9*p - 19 = 0. Let c be t/5 + (-57)/(-15). Give q(c).
-12
Let i(p) = -p**2 + p + 1. Let l(k) = 4*k**2. Let y(q) = -3*i(q) - l(q). Determine y(3).
-21
Let x be 3 + 0/(-4) + 1. Let f(k) = 45 + 5*k**2 - x*k**2 - 2*k**2 - 44. Calculate f(-4).
-15
Let g(z) be the first derivative of -z**4/4 + 3*z**3 + 5*z**2 - 2*z - 21. Calculate g(10).
-2
Suppose 0 = -5*j + 20. Let w(l) = l + 4 - j - 4*l - l**2. Determine w(-3).
0
Let b(w) be the second derivative of -w**4/12 - w**3/2 - 37*w. Determine b(-5).
-10
Suppose -46*k + 45*k - 4 = 0. Let n(i) = i**3 + 3*i**2 - 4*i - 4. Determine n(k).
-4
Let a(o) be the first derivative of 2*o**3/3 - o**2 - o + 4. Let y(l) = l**2 - 1. Let s(w) = a(w) - 3*y(w). Give s(-4).
-6
Let p(m) = 3*m**3 + 2*m**3 - 2 - 4*m - 5*m - 3*m**2. Let y(j) = 9*j**3 - 6*j**2 - 17*j - 4. Let r(f) = 7*p(f) - 4*y(f). Calculate r(4).
6
Let t(x) = x**3 + 3*x**2 - x - 2. Suppose -5*y = -y + 12. Let r be y - 2/8*4. Determine t(r).
-14
Let c(r) = 0*r**3 + 4*r + 0*r**3 - 2 - 4*r**2 + r**3. Suppose 20 = -4*x - 3*w, 3*x - 8*x - 4*w - 26 = 0. Let s be (-3)/3*x - 0. What is c(s)?
-2
Let g(p) = p + 1. Let x(c) = -10*c - 10. Let v be (-27)/(-12) + 3/(-12). Let a(z) = v*x(z) + 22*g(z). Give a(6).
14
Let l(t) = t**3 + 6*t**2 + 4*t + 1. Let q(j) = 3*j**3 + 3*j + 5. Let i(w) = w**3 + w**2 - w. Let d(r) = -4*i(r) + q(r). Let n be d(-5). What is l(n)?
6
Let j be 2/3*(-28 + 19). Let o(n) = n**3 + 5*n**2 - 8*n. What is o(j)?
12
Let g(d) be the third derivative of 5/24*d**4 - 2/3*d**3 - 1/120*d**6 + 0*d - 3*d**2 + 0 + 1/20*d**5. Let j(o) = -o + 10. Let h be j(6). Determine g(h).
0
Let c(j) be the second derivative of j**7/840 - j**6/72 + j**5/30 - j**4/6 - j**3/3 - 3*j. Let a(h) be the second derivative of c(h). Calculate a(3).
-10
Let a(s) = s**2 + 4*s - 1. Suppose 5*n + 14 = -3*l + l, 2*n - 3*l + 17 = 0. Let v = -9 - n. What is a(v)?
4
Let r(j) be the third derivative of -j**5/60 + j**4/6 - j**3 - 4*j**2. Let u be (0 + -1 + 1)/2. Suppose u = -w - 3 + 8. Calculate r(w).
-11
Let b(j) = -2*j + 5*j - 8 + 7 - 2*j. Give b(-5).
-6
Let n(a) = -2*a**3 - 3*a**2 + a + 2. Let h be n(-2). Let r(x) = -8 - 3*x - 5 + 15 + 5*x. Determine r(h).
10
Let w(m) = m**3 - m**2 + m + 4. Suppose -h = -2*h. Suppose 2*x - x = h. Calculate w(x).
4
Let h(j) = j**3 - j**2 - j - 2. Let k be h(2). Let f(i) = -10*i + i**2 + 7*i + k*i. Suppose -4*g + 2*z + 2 = 0, -g + 3*z + 11 = 6*z. What is f(g)?
-2
Let j(r) = r**3 - 5*r**2 + r + 7. Let a be j(5). Let t(f) = -f**3 + 12*f**2 - f + 14. What is t(a)?
2
Suppose 0 = 2*g - 2 - 2. Let v(a) = -4*a**2 + 4 + 3*a**g - 7*a + 2*a. What is v(-5)?
4
Let b(a) = 5*a**2 + 9*a - 26. Let c(m) = -m**2 - 2*m + 5. Let o(v) = 2*b(v) + 11*c(v). Let t be (-32)/6 + 3/9. Determine o(t).
-2
Let q(x) be the first derivative of 1/2*x**2 + 2/3*x**3 + 5/4*x**4 + 7 + 0*x. What is q(-1)?
-4
Suppose -18 = k + 2*k - 3*q, k + 4*q = -6. Let w(s) = -s**3 - 7*s**2 - 5*s + 4. Determine w(k).
-2
Let s(h) be the second derivative of h**4/12 - 3*h**3/2 + h**2/2 - 5*h. Let z be s(9). Let d(w) = 6*w**2 + 2*w - 1. What is d(z)?
7
Let g(h) = -h**3 - h**2 + h - 10. Suppose 2*c + 4*c = 0. Determine g(c).
-10
Suppose 4*y + 32 = 4. Let m(o) = -2*o - 10. Calculate m(y).
4
Let t(a) = 2*a**3 - 2*a. Let s be 12/10*10/(-4). Let g be 14*s/(-6) - 1. Let c = 4 - g. Calculate t(c).
-12
Let u(t) be the second derivative of t + 1/4*t**4 + 1/20*t**5 + 1/6*t**3 + 0 - 1/2*t**2. Calculate u(-3).
-4
Let b(r) = -3 - 1 - 3*r - 2. Determine b(-4).
6
Let x(h) be the third derivative